{"id":1154,"date":"2023-02-01T11:59:43","date_gmt":"2023-02-01T10:59:43","guid":{"rendered":"http:\/\/serwer1868155.home.pl\/autoinstalator\/wordpress1\/?page_id=1154"},"modified":"2023-10-31T00:07:00","modified_gmt":"2023-10-30T23:07:00","slug":"dla-mediow","status":"publish","type":"page","link":"https:\/\/pabianickipolmaraton.pl\/index.php\/dla-mediow\/","title":{"rendered":"Dla medi\u00f3w"},"content":{"rendered":"\t\t<div data-elementor-type=\"wp-page\" data-elementor-id=\"1154\" class=\"elementor elementor-1154\">\n\t\t\t\t\t\t<section class=\"elementor-section elementor-top-section elementor-element elementor-element-06cc510 elementor-section-boxed elementor-section-height-default elementor-section-height-default\" data-id=\"06cc510\" data-element_type=\"section\">\n\t\t\t\t\t\t<div class=\"elementor-container elementor-column-gap-default\">\n\t\t\t\t\t<div class=\"elementor-column elementor-col-100 elementor-top-column elementor-element elementor-element-72da228\" data-id=\"72da228\" data-element_type=\"column\">\n\t\t\t<div class=\"elementor-widget-wrap elementor-element-populated\">\n\t\t\t\t\t\t<div class=\"elementor-element elementor-element-4e233c3 elementor-widget elementor-widget-text-editor\" data-id=\"4e233c3\" data-element_type=\"widget\" data-widget_type=\"text-editor.default\">\n\t\t\t\t<div class=\"elementor-widget-container\">\n\t\t\t\t\t\t\t\t\t<p><b>Szanowni Pa\u0144stwo !<\/b><\/p><p align=\"JUSTIFY\">Wszystkich przedstawicieli medi\u00f3w zainteresowanych otrzymaniem akredytacji prasowej na\u00a0<b>XII Pabianicki P\u00f3\u0142maraton<\/b>\u00a0zapraszamy do przesy\u0142ania zg\u0142osze\u0144.<\/p><p align=\"JUSTIFY\">Informujemy, i\u017c wej\u015bcie do wydzielonej\u00a0<strong>STREFY MEDI\u00d3W<\/strong>\u00a0(strefa startu i mety ) b\u0119dzie mo\u017cliwe, jedynie po okazaniu identyfikatora przyznanego przez organizatora wydarzenia.<\/p><p align=\"JUSTIFY\">W celu otrzymania akredytacji nale\u017cy wype\u0142ni\u0107 zamieszczony poni\u017cej formularz i odes\u0142a\u0107 go poczt\u0105 elektroniczn\u0105 lub dostarczy\u0107 do siedziby Stowarzyszenia \u201eWszystko Gra \u2013 Pabianice\u201d w godzinach pracy Biura do dnia 4.03.2024 roku.<\/p><p align=\"JUSTIFY\">Informacj\u0119 o otrzymanej akredytacji prze\u015blemy na podany w formularzu adres email.<\/p><p align=\"JUSTIFY\">Imienne akredytacje (identyfikatory) b\u0119d\u0105 gotowe do odbioru w\u00a0<strong>PUNKCIE INFORMACYJNYM<\/strong> XII Pabianickiego P\u00f3\u0142maratonu, kt\u00f3re mie\u015bci\u0107 si\u0119 b\u0119dzie przy biurze zawod\u00f3w w dniach:<\/p><p>23.03.2024 (sobota) Punk Hala MOSiR w godz. 17.00 \u2013 19.00<br \/>24.03.2024 (niedziela) Punkt Informacyjny na stadionie od godz. 8.00.<\/p><p align=\"JUSTIFY\"><b>Strefa MEDIA upowa\u017cnia do otrzymania materia\u0142\u00f3w prasowych oraz przeprowadzania wywiad\u00f3w w Strefie Media ( strefa media tu\u017c za met\u0105 ), a tak\u017ce do robienia zdj\u0119\u0107 w wyznaczonej strefie startu i mety.<\/b><\/p><p align=\"JUSTIFY\"><b>W razie pyta\u0144 jeste\u015bmy do dyspozycji.<\/b><\/p><p><b><\/b><strong>KONTAKT DLA MEDI\u00d3W: <\/strong>biuro@pabianickipolmaraton.pl<\/p>\t\t\t\t\t\t\t\t<\/div>\n\t\t\t\t<\/div>\n\t\t\t\t\t<\/div>\n\t\t<\/div>\n\t\t\t\t\t<\/div>\n\t\t<\/section>\n\t\t\t\t<section class=\"elementor-section elementor-top-section elementor-element elementor-element-7af0da0 elementor-section-boxed elementor-section-height-default elementor-section-height-default\" data-id=\"7af0da0\" data-element_type=\"section\">\n\t\t\t\t\t\t<div class=\"elementor-container elementor-column-gap-default\">\n\t\t\t\t\t<div class=\"elementor-column elementor-col-100 elementor-top-column elementor-element elementor-element-1611f4b\" data-id=\"1611f4b\" data-element_type=\"column\">\n\t\t\t<div class=\"elementor-widget-wrap elementor-element-populated\">\n\t\t\t\t\t\t<div class=\"elementor-element elementor-element-951b05f elementor-widget elementor-widget-premium-addon-button\" data-id=\"951b05f\" data-element_type=\"widget\" data-widget_type=\"premium-addon-button.default\">\n\t\t\t\t<div class=\"elementor-widget-container\">\n\t\t\t\t\t\r\n\r\n\t\t<a class=\"premium-button premium-button-style7 premium-btn-lg premium-button-style7-bottom\" href=\"http:\/\/pabianickipolmaraton.pl\/wp-content\/uploads\/2023\/02\/FORMULARZ-AKREDYTACYJNY-2020.pdf\" target=\"_blank\">\r\n\t\t\t<div class=\"premium-button-text-icon-wrapper\">\r\n\t\t\t\t\r\n\t\t\t\t\t\t\t\t\t\t\t\t\t\t\t\t\t\t<svg class=\"svg-inline--fas-fa-arrow-alt-circle-right premium-drawable-icon premium-svg-nodraw\" aria-hidden='true' xmlns='http:\/\/www.w3.org\/2000\/svg' viewBox='0 0 512 512'><path d=\"M256 8c137 0 248 111 248 248S393 504 256 504 8 393 8 256 119 8 256 8zM140 300h116v70.9c0 10.7 13 16.1 20.5 8.5l114.3-114.9c4.7-4.7 4.7-12.2 0-16.9l-114.3-115c-7.6-7.6-20.5-2.2-20.5 8.5V212H140c-6.6 0-12 5.4-12 12v64c0 6.6 5.4 12 12 12z\"><\/path><\/svg>\t\t\t\t\t\t\t\t\t\t\t\t\t\t\t\r\n\t\t\t\t\t\t\t\t\t<span >\r\n\t\t\t\t\t\tFORMULARZ AKREDYTACYJNY\t\t\t\t\t<\/span>\r\n\t\t\t\t\r\n\t\t\t\t\t\t\t\t\t\t\t\t\t\t\t\t<\/div>\r\n\r\n\t\t\t\r\n\t\t\t\r\n\t\t\t\r\n\t\t<\/a>\r\n\r\n\r\n\t\t\t\t\t\t<\/div>\n\t\t\t\t<\/div>\n\t\t\t\t\t<\/div>\n\t\t<\/div>\n\t\t\t\t\t<\/div>\n\t\t<\/section>\n\t\t\t\t<\/div>\n\t\t","protected":false},"excerpt":{"rendered":"<p>Szanowni Pa\u0144stwo ! Wszystkich przedstawicieli medi\u00f3w zainteresowanych otrzymaniem akredytacji prasowej na\u00a0XII Pabianicki P\u00f3\u0142maraton\u00a0zapraszamy do przesy\u0142ania zg\u0142osze\u0144. Informujemy, i\u017c wej\u015bcie do wydzielonej\u00a0STREFY MEDI\u00d3W\u00a0(strefa startu i mety ) b\u0119dzie mo\u017cliwe, jedynie po okazaniu identyfikatora przyznanego przez organizatora wydarzenia. W celu otrzymania akredytacji nale\u017cy wype\u0142ni\u0107 zamieszczony poni\u017cej formularz i odes\u0142a\u0107 go poczt\u0105 elektroniczn\u0105 lub dostarczy\u0107 do siedziby Stowarzyszenia [&hellip;]<\/p>\n","protected":false},"author":1,"featured_media":0,"parent":0,"menu_order":0,"comment_status":"closed","ping_status":"closed","template":"","meta":{"footnotes":""},"class_list":["post-1154","page","type-page","status-publish","hentry"],"_links":{"self":[{"href":"https:\/\/pabianickipolmaraton.pl\/index.php\/wp-json\/wp\/v2\/pages\/1154","targetHints":{"allow":["GET"]}}],"collection":[{"href":"https:\/\/pabianickipolmaraton.pl\/index.php\/wp-json\/wp\/v2\/pages"}],"about":[{"href":"https:\/\/pabianickipolmaraton.pl\/index.php\/wp-json\/wp\/v2\/types\/page"}],"author":[{"embeddable":true,"href":"https:\/\/pabianickipolmaraton.pl\/index.php\/wp-json\/wp\/v2\/users\/1"}],"replies":[{"embeddable":true,"href":"https:\/\/pabianickipolmaraton.pl\/index.php\/wp-json\/wp\/v2\/comments?post=1154"}],"version-history":[{"count":16,"href":"https:\/\/pabianickipolmaraton.pl\/index.php\/wp-json\/wp\/v2\/pages\/1154\/revisions"}],"predecessor-version":[{"id":1652,"href":"https:\/\/pabianickipolmaraton.pl\/index.php\/wp-json\/wp\/v2\/pages\/1154\/revisions\/1652"}],"wp:attachment":[{"href":"https:\/\/pabianickipolmaraton.pl\/index.php\/wp-json\/wp\/v2\/media?parent=1154"}],"curies":[{"name":"wp","href":"https:\/\/api.w.org\/{rel}","templated":true}]}}